vide 612070663?
False
Does 14 divide 68522356?
True
Does 606 divide 900771732?
True
Is 92 a factor of 146161412?
True
Does 125 divide 83721125?
True
Does 70 divide 606534126?
False
Is 32800830 a multiple of 1410?
True
Is 141960960 a multiple of 12?
True
Is 22041992 a multiple of 62?
True
Does 110 divide 135646390?
True
Does 17 divide 869870179?
False
Is 616825 a multiple of 18?
False
Is 1708331681 a multiple of 12?
False
Is 2252 a factor of 42481728?
True
Is 267692379 a multiple of 23?
False
Is 1983600004 a multiple of 777?
False
Is 12124540 a multiple of 4?
True
Is 29 a factor of 396649791?
True
Does 42 divide 275173153?
False
Does 1049 divide 137923569?
True
Is 3994980013 a multiple of 12297?
False
Does 1658 divide 327607536?
True
Is 182 a factor of 552951178?
False
Is 19829807 a multiple of 68?
False
Is 194 a factor of 21205195?
False
Is 74268444 a multiple of 2411?
True
Is 421747332 a multiple of 12?
True
Is 13201360 a multiple of 54?
False
Is 226 a factor of 48188758?
False
Is 2074040000 a multiple of 2375?
True
Is 304697017 a multiple of 9?
False
Does 8 divide 548167760?
True
Is 1091372 a multiple of 2?
True
Is 928077678 a multiple of 99?
True
Does 3838 divide 1039031036?
True
Is 68117471 a multiple of 71?
True
Is 34 a factor of 3931281?
False
Is 1035 a factor of 13321267?
False
Is 615205175 a multiple of 9?
False
Does 5815 divide 429321450?
True
Is 13 a factor of 195212141?
False
Does 1778 divide 241185700?
True
Does 975 divide 498655950?
True
Is 29701941 a multiple of 69?
False
Is 210 a factor of 17801928?
False
Is 49399111 a multiple of 388?
False
Does 14 divide 9491859?
False
Is 11980820 a multiple of 353?
True
Is 56 a factor of 27841408?
True
Does 13274 divide 59252996?
False
Does 8 divide 909243328?
True
Is 7509166 a multiple of 118?
True
Is 10 a factor of 95084576?
False
Is 10119107 a multiple of 24?
False
Is 54 a factor of 439538685?
False
Does 961 divide 33843537?
True
Is 222 a factor of 5452964217?
False
Does 56 divide 1801564632?
True
Does 401 divide 23860302?
True
Is 56 a factor of 151283770?
False
Does 29 divide 102813544?
False
Is 2895768414 a multiple of 65?
False
Is 13 a factor of 234365902?
False
Does 117 divide 1368464303?
False
Is 551 a factor of 218807750?
False
Does 22 divide 29702420?
True
Is 1302080 a multiple of 5?
True
Does 240 divide 31902488?
False
Does 8 divide 199892024?
True
Does 85 divide 259012066?
False
Is 8 a factor of 240931517?
False
Is 14962715 a multiple of 452?
False
Is 13514142 a multiple of 29?
False
Does 471 divide 7566773?
False
Is 10591900 a multiple of 46?
False
Is 138012727 a multiple of 444?
False
Does 43 divide 444001687?
False
Is 3280527 a multiple of 168?
False
Is 31678761 a multiple of 21?
False
Is 545 a factor of 404860067?
False
Is 5344688 a multiple of 16?
True
Is 26835200 a multiple of 5?
True
Is 17 a factor of 35014851?
False
Does 106 divide 613897516?
True
Is 69 a factor of 2146258234?
False
Is 130583653 a multiple of 49?
False
Is 4622 a factor of 371166041?
False
Does 1247 divide 333951588?
True
Is 25443067 even?
False
Does 1825 divide 310574911?
False
Is 4 a factor of 66774134?
False
Is 161367842 a multiple of 9?
False
Is 3816 a factor of 87887183?
False
Does 21 divide 225876?
True
Does 1311 divide 20370318?
True
Does 23 divide 99148101?
True
Is 160012703 a multiple of 17?
False
Is 378516719 a multiple of 9?
False
Does 251 divide 14711110?
True
Is 4685310 a multiple of 74?
True
Does 24 divide 137000040?
True
Is 35 a factor of 5343310?
True
Is 594030764 a multiple of 41?
False
Does 11 divide 246089877?
True
Does 615 divide 230554890?
True
Is 19 a factor of 18602918?
False
Is 346241246 a multiple of 61?
True
Is 73917284 a multiple of 378?
False
Does 64 divide 15768896?
True
Is 1362912154 a multiple of 657?
False
Does 19 divide 2723072?
False
Is 3276372663 a multiple of 7?
False
Is 140 a factor of 3325078680?
True
Is 637629 a multiple of 23?
True
Is 52665460 a multiple of 1231?
False
Is 8932 a factor of 379427935?
False
Is 1247 a factor of 161828660?
False
Is 131628128 a multiple of 71?
False
Is 25397708 a multiple of 31?
False
Is 85 a factor of 147006453?
False
Does 2219 divide 1640453444?
True
Is 32954615 a multiple of 800?
False
Is 11057673 a multiple of 152?
False
Is 125564208 a multiple of 28?
True
Is 33599444 a multiple of 36?
False
Is 464259214 a multiple of 94?
False
Does 342 divide 92284793?
False
Is 384674865 a multiple of 2?
False
Is 1944982440 a multiple of 1305?
True
Is 456035013 a multiple of 2499?
True
Does 1718 divide 930944686?
True
Does 290 divide 12946376?
False
Is 83 a factor of 13915531?
True
Is 25 a factor of 14865066?
False
Is 194 a factor of 189191710?
True
Is 5962086497 a multiple of 587?
False
Is 29756979 a multiple of 21?
True
Does 35 divide 1278970?
True
Is 6 a factor of 3016180?
False
Does 570 divide 40614210?
True
Does 139 divide 188050042?
True
Does 1958 divide 487246342?
True
Is 206087947 a multiple of 17?
False
Does 410 divide 2230453268?
False
Is 115 a factor of 87399368?
False
Is 29 a factor of 385894126?
True
Is 127 a factor of 564649366?
True
Is 2551212346 a multiple of 53?
True
Is 480307408 a multiple of 64?
False
Does 424 divide 9432304?
True
Does 18 divide 44993340?
True
Is 21 a factor of 7681527?
True
Is 760975436 a multiple of 479?
False
Is 36224681 a multiple of 45?
False
Is 5 a factor of 357564085?
True
Is 16 a factor of 13146338?
False
Does 219 divide 583143783?
True
Is 55288131 a multiple of 3281?
True
Does 38 divide 97975751?
False
Does 464 divide 39612137?
False
Is 13 a factor of 91393225?
False
Is 664509030 a multiple of 23?
False
Is 85471200 a multiple of 160?
True
Is 260917150 a multiple of 325?
True
Is 10540310 a multiple of 2810?
True
Is 80350553 a multiple of 7?
False
Is 921667572 a multiple of 126?
True
Is 284863070 a multiple of 562?
False
Is 696914176 a multiple of 64?
True
Does 19 divide 45862506?
False
Is 25 a factor of 224990?
False
Is 4026156 a multiple of 79?
True
Is 446 a factor of 868329888?
True
Is 2172 a factor of 1283718687?
False
Is 510 a factor of 139881780?
True
Does 4 divide 668909608?
True
Is 11 a factor of 1403841?
False
Is 18 a factor of 5587448?
False
Does 14 divide 258931143?
False
Does 112 divide 55801200?
True
Does 15 divide 3450200805?
True
Is 361 a factor of 59741890?
True
Is 107 a factor of 9778088?
True
Is 136 a factor of 36197772?
False
Is 3815750 a multiple of 512?
False
Is 188334137 a multiple of 843?
False
Does 125 divide 463101875?
True
Is 10 a factor of 839259?
False
Is 202 a factor of 21484974?
False
Is 1133541440 a multiple of 829?
True
Is 653073858 a multiple of 144?
False
Does 15 divide 1392992036?
False
Is 555 a factor of 15686520?
True
Is 134 a factor of 615209812?
True
Is 14845860 a multiple of 45?
True
Does 15 divide 292514562?
False
Does 3692 divide 2322570744?
True
Does 13 divide 22629209?
False
Does 92 divide 12844757?
False
Does 114 divide 1251354744?
True
Is 1110 a factor of 12134779?
False
Does 16 divide 231148064?
True
Is 4766 a factor of 7041417082?
True
Is 335 a factor of 126123815?
True
Does 451 divide 752791160?
True
Is 39625600 a multiple of 5075?
True
Is 564 a factor of 16814969?
False
Is 302 a factor of 160281970?
True
Is 88 a factor of 3478564?
False
Is 1302841510 a multiple of 29?
False
Is 614430180 a multiple of 105?
True
Does 570 divide 171017408?
False
Does 5 divide 42206905?
True
Is 170796060 a multiple of 77?
False
Is 162166564 a multiple of 72?
False
Is 2006205363 a multiple of 79?
False
Does 12 divide 23469743?
False
Does 87 divide 56068107?
True
Is 112812311 a multiple of 141?
False
Is 17 a factor of 29860546?
False
Is 83 a factor of 5129822?
False
Is 41004660 a multiple of 38?
True
Is 1529975900 a multiple of 10?
True
Does 148 divide 21261807?
False
Does 3384 divide 2127047040?
True
Does 5430 divide 447149046?
False
Is 58746568 a multiple of 63?
False
Is 69 a factor of 354897543?
False
Is 42 a factor of 34280526?
True
Is 8 a factor of 4477512?
True
Does 40 divide 38888040?
True
Does 61 divide 97290547?
True
Is 81464015 a multiple of 32?
False
Is 2089 a factor of 9488757?
False
Is 327 a factor of 835770033?
False
Does 2 divide 5956414?
True
Is 68927040 a multiple of 1680?
True
Is 39 a factor of 967665151?
False
Is 62415962 a multiple of 31?
False
Is 9 a factor